158. What is k(-57)?
-13
Let f(w) = -w**3 + 18*w**2 + 36*w + 74. Calculate f(20).
-6
Let h(v) = 268*v + 55. Calculate h(-2).
-481
Let p(t) = -t**3 + 44*t**2 + 44*t + 34. Give p(45).
-11
Let m(w) = w**3 + 104*w**2 - 38*w - 3948. What is m(-104)?
4
Let c(f) = -f**2 + 2157*f + 32594. Give c(-15).
14
Let j(s) = s**3 - 393*s**2 + 15*s - 5889. Give j(393).
6
Let x(a) = 27*a - 1254. Give x(47).
15
Let n(u) = 26*u + 85. Give n(-4).
-19
Let b(a) = -a**3 - 49*a**2 + 879*a + 36. What is b(14)?
-6
Let b(x) = 7*x**3 - 16*x - 41. Calculate b(-2).
-65
Let g(k) = k**3 - 17*k**2 + 28*k - 26. Calculate g(16).
166
Let b(r) = -78*r**2 + 162*r - 2. Give b(2).
10
Let o(z) = 3796*z - 3792. Determine o(1).
4
Let m(h) = -92*h - 748. Give m(-8).
-12
Let m(l) = -1770*l + 15920. What is m(9)?
-10
Let s(a) = -a**3 - 15*a**2 - 20*a + 16. What is s(-14)?
100
Let k(n) = -n**3 - 14*n**2 - 44*n + 35. What is k(-9)?
26
Let s(z) = -z**3 - 103*z**2 + 97*z - 315. Give s(-104).
413
Let m(n) = n**3 + 29*n**2 - 53*n - 696. Determine m(-30).
-6
Let f(x) = -78*x - 590. Give f(-8).
34
Let p(x) = 2*x**3 + 10*x**2 + 20*x + 40. Give p(-4).
-8
Let x(f) = f**3 + 37*f**2 + 310*f - 27. Determine x(-13).
-1
Let o(y) = -38*y + 364. Calculate o(10).
-16
Let g(o) = 32*o + 2017. What is g(-98)?
-1119
Let w(m) = m**3 + 10*m**2 - 15*m - 1. Determine w(-12).
-109
Let r(g) = -14*g + 269. What is r(20)?
-11
Let t(s) = -7*s + 133. What is t(22)?
-21
Let z(h) = 21*h - 186. Give z(-9).
-375
Let f(h) = -51*h**3 - 2*h - 15. Calculate f(0).
-15
Let p(n) = 147*n - 882. What is p(6)?
0
Let v(w) = -w**2 + 88*w + 1521. Calculate v(-15).
-24
Let z(i) = -i**2 - 3*i + 169. Give z(11).
15
Let x(i) = -i**3 - 26*i**2 - 148*i + 13. What is x(-9)?
-32
Let s(b) = -17*b + 46. What is s(2)?
12
Let k(s) = -s**3 - 26*s**2 - 146*s + 174. What is k(-17)?
55
Let j(z) = z**3 - 2*z**2 + 31*z - 98. Determine j(9).
748
Let b(z) = z**2 + 34*z - 583. What is b(13)?
28
Let a(t) = -125*t**2 + 1502*t - 21. Determine a(12).
3
Let m(q) = -739*q - 742. Calculate m(-1).
-3
Let g(o) = o**2 - 57*o - 2096. Calculate g(-25).
-46
Let t(x) = -5*x**3 + 195*x**2 - x - 75. Calculate t(39).
-114
Let o(a) = a**2 + 449*a - 5067. Calculate o(11).
-7
Let l(c) = -c**3 - 33*c**2 + 285*c + 83. What is l(-40)?
-117
Let m(x) = -20*x**3 + 20*x**2 + 38*x + 2. Determine m(-2).
166
Let u(q) = -q**3 - 7*q**2 + 117*q + 898. Calculate u(-8).
26
Let f(x) = -2*x**2 - 168*x - 146. Calculate f(-83).
20
Let p(x) = -x**3 - 22*x**2 + 115*x + 65. Give p(-26).
-221
Let x(j) = -40*j**2 + 105*j + 46. Calculate x(3).
1
Let o(z) = z**3 + 2*z**2 - 17*z - 3. Give o(-5).
7
Let p(n) = -528*n - 557. Calculate p(-1).
-29
Let q(r) = r**3 + 9*r**2 + 13*r + 10. What is q(-6)?
40
Let t(i) = -395*i - 2777. Give t(-7).
-12
Let a(k) = -2*k**3 - 2*k**2 + k + 554. Determine a(0).
554
Let l(d) = d**2 + 35*d + 264. Calculate l(-16).
-40
Let q(a) = 11*a**3 - 4*a**2 - 9*a + 15. Determine q(2).
69
Let d(h) = 4*h**3 - 193*h**2 + 55*h - 377. Calculate d(48).
-41
Let t(j) = -3*j**3 - 41*j**2 + 11*j - 10. Calculate t(-14).
32
Let m(h) = -h**3 + 6*h**2 + 18*h - 1. Determine m(-3).
26
Let w(z) = 9*z**2 + 73*z + 209. Calculate w(-3).
71
Let n(r) = 12*r**2 - 932*r + 1545. What is n(76)?
25
Let c(l) = -l**3 + 33*l**2 - 37*l + 87. Give c(32).
-73
Let k(l) = 3*l**3 + 32*l**2 - 959*l + 14. Calculate k(-24).
-10
Let z(v) = -219*v + 1654. Calculate z(7).
121
Let x(j) = 426*j + 2982. Give x(-7).
0
Let u(w) = -w + 16. Calculate u(11).
5
Let i(c) = -c**3 + 41*c + 20. Determine i(6).
50
Let j(n) = -n**2 + 496*n + 7667. Give j(-15).
2
Let s(x) = 2*x**3 + 49*x**2 - 49*x + 755. Determine s(-26).
1
Let d(h) = -h**3 + 29*h**2 + 53*h - 311. Determine d(31).
-590
Let d(s) = 172*s - 2790. What is d(16)?
-38
Let a(j) = 6*j + 61. Calculate a(-5).
31
Let l(s) = 2*s**3 + 175*s**2 - 89*s + 46. Calculate l(-88).
134
Let f(o) = -2*o**2 - 23*o + 25. Calculate f(-14).
-45
Let l(r) = r**3 - 4*r**2 - 69*r - 122. Calculate l(-5).
-2
Let z(q) = -5*q**3 + 111*q**2 - 24*q + 55. Determine z(22).
11
Let y(q) = -281*q - 2249. Give y(-8).
-1
Let b(r) = 20*r**2 + 25*r - 147. Give b(5).
478
Let o(n) = -3*n**3 + 5*n**2 + 3*n - 2. Determine o(5).
-237
Let x(i) = -i**2 + 8*i + 26. Give x(-4).
-22
Let n(a) = -9*a**2 - 266*a - 146. Give n(-29).
-1
Let f(u) = -6*u + 430. What is f(66)?
34
Let t(b) = 5*b**2 - 50*b - 868. Give t(-9).
-13
Let c(m) = m**3 - 12*m**2 - 40*m + 172. Determine c(14).
4
Let d(t) = -3*t**3 + 96*t**2 - 21*t + 661. Calculate d(32).
-11
Let m(z) = -124*z - 8258. Give m(-67).
50
Let o(y) = -y**3 + 7*y**2 + 69*y - 552. Give o(8).
-64
Let w(z) = -3*z**2 - 91*z + 712. Give w(7).
-72
Let x(k) = 296*k**3 + 3850*k**2 + 27*k + 15. Give x(-13).
2
Let z(m) = 512*m - 4610. Calculate z(9).
-2
Let x(i) = -33*i**2 + 236*i - 41. Calculate x(7).
-6
Let i(u) = -u**3 - 35*u**2 - 232*u + 9. Calculate i(-26).
-43
Let p(c) = -422*c + 4343. What is p(11)?
-299
Let p(q) = -585*q + 72. Give p(-1).
657
Let f(c) = -510*c**2 - 2*c - 1. What is f(-1)?
-509
Let k(r) = r**3 - 24*r**2 + 11*r + 715. What is k(22)?
-11
Let r(d) = d**2 - 10*d + 22. Give r(0).
22
Let b(p) = p**2 - 637*p + 45503. What is b(82)?
-7
Let n(r) = 230*r - 996. Determine n(5).
154
Let n(t) = t**3 - 6*t**2 - 90*t - 72. What is n(13)?
-59
Let d(a) = 6*a**3 + 105*a**2 - 171*a. Calculate d(-19).
0
Let r(i) = -i**2 - 23*i + 8. What is r(-29)?
-166
Let c(y) = 2*y**2 - 68*y - 302. Give c(37).
-80
Let z(u) = 1853*u - 12968. Give z(7).
3
Let o(r) = -r**3 - 25*r**2 - 13*r + 258. Calculate o(-24).
-6
Let l(k) = -k**3 + 16*k**2 + 295*k - 38. Determine l(27).
-92
Let h(s) = 78*s + 6126. Determine h(-78).
42
Let s(m) = m**3 - 20*m**2 + 18*m + 337. Calculate s(18).
13
Let u(i) = 3*i**2 - 197*i + 254. Determine u(64).
-66
Let l(a) = 6*a**3 + 91*a**2 + 29*a - 36. What is l(-15)?
-246
Let d(g) = 2*g**2 + 39*g + 68. Give d(-18).
14
Let h(k) = -2*k**3 + 15*k**2 - 14. What is h(7)?
35
Let w(d) = -d**3 + 8*d**2 - 43*d - 99. What is w(12)?
-1191
Let m(s) = 6*s**2 - 2*s + 15. Determine m(3).
63
Let y(n) = -1481*n**3 + 11850*n**2 - 15*n + 4. Give y(8).
12
Let b(s) = 894*s - 71516. Determine b(80).
4
Let w(y) = -y**2 - 9284*y - 27847. What is w(-3)?
-4
Let x(c) = 6525*c - 300144. Give x(46).
6
Let a(p) = -9*p**2 - 88*p + 10. Calculate a(-9).
73
Let v(l) = -136*l - 10466. Calculate v(-77).
6
Let v(m) = -m**3 - 76*m**2 + 140*m - 1190. Determine v(-78).
58
Let z(r) = 33*r**2 - 254*r - 48. What is z(8)?
32
Let q(x) = -x**3 + 52*x**2 + 65*x - 578. Calculate q(53).
58
Let u(q) = q**3 - 32*q**2 - 273*q + 3. Calculate u(-7).
3
Let k(h) = h**3 + 2*h**2 - 93*h - 67. Calculate k(-11).
-133
Let j(n) = -15*n**3 + 288*n**2 + 2*n + 32. Determine j(19).
1153
Let p(u) = u**3 - 19*u**2 - 12*u + 1075. Give p(15).
-5
Let n(r) = -r**3 + 3*r**2 + 21*r - 88. Calculate n(6).
-70
Let s(r) = 8*r**3 - 94*r**2 + 51*r + 221. Determine s(11).
56
Let h(o) = 438*o - 38. Determine h(0).
-38
Let w(o) = 19*o**2 - 6*o + 9. Give w(1).
22
Let k(l) = -9*l - 100. Calculate k(-11).
-1
Let j(a) = -87*a - 2006. Determine j(-25).
169
Let c(u) = 7*u**2 + 658*u + 44. What is c(-94)?
44
Let j(t) = t**2 - 24*t + 41. Give j(5).
-54
Let o(l) = -13*l**2 + 82*l + 6. Give o(5).
91
Let o(z) = 2*z**2 + 46*z + 52. Determine o(-20).
-68
Let r(n) = -n**2 + 58*n - 799. Determine r(23).
6
Let c(m) = 2*m**3 + 31*m**2 + 10*m + 19. Give c(-15).
94
Let w(p) = 549*p + 130673. What is w(-238)?
11
Let j(l) = -l**2 - 2*l + 1003. Give j(-32).
43
Let u(z) = 2*z**2 - 17*z - 38. Give u(9).
-29
Let h(f) = 52*f - 750. Calculate h(14).
-22
Let y(w) = 101*w + 542. What is y(-4)?
138
Let z(b) = b**3 - 55*b**2 + 296*b - 82. Calculate z(49).
16
Let x(q) = -3*q**3 + 10*q**2 + 58*q - 203. Give x(3).
-20
Let w(b) = -b**3 + 11*b**2 + 3*b - 144. Determine w(10).
-14
Let a(j) = -j**3 + 59*j**2 - 665*j - 973. Determine a(43).
16
Let x(k) = 17*k + 40. What is x(-10)?
-130
Let s(p) = -602*p - 22926. Give s(-38).
-50
Let v(t) = t**2 - 166*t + 1291. Determine v(8).
27
Let i(o) = -o**2 + 2*o - 357. Determine i(0).
-357
Let w(j) = 2*j**2 - 89*j - 231. Give w(47).
4
Let q(f) = 851*f + 3431. Calculate q(-4).
27
Let c(d) = 22*d**2 + 6*d + 403. Give c(0).
403
Let t(b) = 27*b**3 - 45*b - 90. Calculate t(-2).
-216
Let w(m) = -676*m - 4052. Calculate w(-6).
4
Let p(r) = r**2 - r - 60. What is p(-7)?
-4
Let d